4?
-a74
In base 16, what is -14 - -201a?
2006
In base 7, what is 500112 + 0?
500112
In base 5, what is 34 + 3201431?
3202020
In base 12, what is 562 + -936?
-394
In base 11, what is 171 + -8760?
-859a
In base 15, what is -245 + 44?
-201
In base 5, what is 104 + -134034?
-133430
In base 6, what is -50311 - -24?
-50243
In base 7, what is 34 + 15266?
15333
In base 10, what is -18 - -12206?
12188
In base 9, what is -20 - -2620?
2600
In base 16, what is 4 + 9c2?
9c6
In base 5, what is 101 + 10443344?
10444000
In base 5, what is -11343104 + 20?
-11343034
In base 2, what is -10011010100101110 - -1111?
-10011010100011111
In base 12, what is -5 - -289b?
2896
In base 7, what is 3424124 + -5?
3424116
In base 2, what is 11 + -10011100110110?
-10011100110011
In base 2, what is -1100011011 + 11?
-1100011000
In base 10, what is -2 - -1060378?
1060376
In base 15, what is -e + -5262?
-5271
In base 7, what is 5 - 110105?
-110100
In base 4, what is -3020132 + 2030?
-3012102
In base 14, what is 4 + 1a62d?
1a633
In base 4, what is 2122 - 121?
2001
In base 12, what is 757 + 7a?
815
In base 14, what is -a87c - 0?
-a87c
In base 13, what is 315 + 46?
35b
In base 6, what is -1 + 33352140?
33352135
In base 13, what is 15a65 - 7?
15a5b
In base 15, what is 11be + 0?
11be
In base 15, what is 643 + -15?
62d
In base 10, what is -50184 - 5?
-50189
In base 10, what is 800 + -2221?
-1421
In base 4, what is -1121 + -2200012?
-2201133
In base 9, what is 1462 - 38?
1423
In base 7, what is 36531 + -110?
36421
In base 11, what is 244 + -61?
193
In base 10, what is 4 + -11507?
-11503
In base 7, what is 2 - -3021310?
3021312
In base 4, what is 31230331 + 11?
31231002
In base 6, what is 232 - -2315?
2551
In base 15, what is 76d - 6e1?
7c
In base 4, what is -23 - -13012232?
13012203
In base 13, what is -148b16 + -1?
-148b17
In base 11, what is -54 - 1175a?
-11803
In base 4, what is 0 + 120113322?
120113322
In base 8, what is -2 + 362212?
362210
In base 6, what is -425 - -20415?
15550
In base 6, what is 15 - -2534300?
2534315
In base 3, what is 101111011 - -200121?
102011202
In base 4, what is 102113310 + 3?
102113313
In base 11, what is 429038 + 4?
429041
In base 6, what is -1421 - 4505?
-10330
In base 3, what is 11111 + 11202111?
11220222
In base 10, what is 436 + -493?
-57
In base 3, what is 12 - 1001001202?
-1001001120
In base 4, what is 2313302210 - -11?
2313302221
In base 11, what is -2368 + 8?
-2360
In base 11, what is -154584 - -a?
-154575
In base 12, what is 35b9 + 2?
35bb
In base 12, what is 5 + -19814?
-1980b
In base 10, what is 4231 + 0?
4231
In base 6, what is 2342 + -12115?
-5333
In base 12, what is 5 - -2b0?
2b5
In base 10, what is -285 + -8476?
-8761
In base 5, what is 432320 + -1132?
431133
In base 10, what is 342296 - 4?
342292
In base 13, what is -8 - -2804?
27c9
In base 16, what is 101a - 0?
101a
In base 10, what is 1 + 1055?
1056
In base 12, what is 1a81 - -10?
1a91
In base 14, what is -2 + -dc1a?
-dc1c
In base 5, what is 2222 + -1204?
1013
In base 14, what is -187b9d - 4?
-187ba3
In base 2, what is 10010100 + 10010101001000?
10010111011100
In base 13, what is c + 2407?
2416
In base 16, what is -5 + -6f72?
-6f77
In base 3, what is 1002202 - 220112?
12020
In base 2, what is 11 + 1000111110001100?
1000111110001111
In base 2, what is 1001 - 10100100000011?
-10100011111010
In base 8, what is 1305713 - -4?
1305717
In base 11, what is -28a - -138?
-152
In base 14, what is 3 - 3017?
-3014
In base 5, what is 1402233 + -2?
1402231
In base 16, what is 0 + -b7f79?
-b7f79
In base 8, what is 75 - 3444?
-3347
In base 14, what is 2 - -48dc?
4900
In base 8, what is 1105533 + -22?
1105511
In base 15, what is 549 + 3?
54c
In base 11, what is -2a85 - 1?
-2a86
In base 13, what is 4 - 258bb?
-258b7
In base 9, what is -3 - -450876?
450873
In base 8, what is -1 + 12260?
12257
In base 12, what is 1 + 15109?
1510a
In base 10, what is 60 + 507?
567
In base 10, what is 5231985 + 3?
5231988
In base 16, what is 7 + 1375f?
13766
In base 4, what is -331233 + 1211?
-330022
In base 3, what is 11111201102 - 1?
11111201101
In base 6, what is -11545 + 23?
-11522
In base 4, what is -23221332 - 10?
-23222002
In base 9, what is -574 - -3547?
2863
In base 2, what is -1001101101010000110 - -10?
-1001101101010000100
In base 13, what is 4 + -5395?
-5391
In base 4, what is 10313121013 - 10?
10313121003
In base 8, what is -3 - 10774?
-10777
In base 10, what is 12432 - 3?
12429
In base 7, what is 11 + -114425?
-114414
In base 14, what is 1d - 32a3?
-3284
In base 8, what is -3 + -102754?
-102757
In base 5, what is 2210 - -32021?
34231
In base 4, what is 1323221 + 3110?
1332331
In base 3, what is 1002 + -200001201?
-200000122
In base 2, what is 111110000110000001101 - -10?
111110000110000001111
In base 2, what is -10 + 100000110011010?
100000110011000
In base 11, what is -1 + -30777?
-30778
In base 3, what is 20111 + 121102?
211220
In base 14, what is -6 - 540a?
-5412
In base 15, what is 22 - -b0?
d2
In base 3, what is -1112 + -101022?
-102211
In base 4, what is 1100320132 + -1?
1100320131
In base 5, what is -4 + 3111430?
3111421
In base 6, what is 4 + -25420430?
-25420422
In base 16, what is ca5 + 3?
ca8
In base 16, what is 3 + -8e7f?
-8e7c
In base 11, what is 5 - 4200?
-41a6
In base 5, what is 0 - 14100113?
-14100113
In base 2, what is -11111000 - -110001?
-11000111
In base 7, what is -3362304 - 3?
-3362310
In base 13, what is 0 + 16bb61?
16bb61
In base 8, what is -27713 + -41?
-27754
In base 16, what is 9545c - -2?
9545e
In base 14, what is -1a809 + -2?
-1a80b
In base 11, what is -125 - 169?
-293
In base 16, what is -145d8 - -1?
-145d7
In base 14, what is 4 - c079?
-c075
In base 4, what is 3 - 213102021?
-213102012
In base 8, what is -3 + 42200?
42175
In base 5, what is -4 - -4101111?
4101102
In base 9, what is 152281 + 6?
152287
In base 4, what is 3011 + -123?
2222
In base 4, what is -22 + 112313?
112231
In base 7, what is -11044 - 631?
-12005
In base 5, what is 42204 - -13312?
111021
In base 8, what is -2 + 62161?
62157
In base 10, what is 235835 - -7?
235842
In base 15, what is 4d - -a37?
a85
In base 6, what is 3 - 41042?
-41035
In base 7, what is -103 - -2305?
2202
In base 16, what is -55 + 133?
de
In base 11, what is 12 + 1080?
1092
In base 11, what is 17 - -3886?
38a2
In base 16, what is 4 - 33f87?
-33f83
In base 12, what is 1a405 - 6?
1a3bb
In base 3, what is -2 - 1012221020020?
-1012221020022
In base 5, what is 10 + 441244412?
441244422
In base 5, what is -202 - 1421333?
-1422040
In base 11, what is -1670 - -28?
-1643
In base 2, what is -10000001 - -10011001?
11000
In base 10, what is 232850 + -1?
232849
In base 7, what is 4531 - -2263?
10124
In base 12, what is 4 + 8a28?
8a30
In base 3, what is -1 - 12222220?
-12222221
In base 3, what is -1 - 111120?
-111121
In base 4, what is -131 - 33121?
-33312
In base 15, what is 16 - 120?
-109
In base 5, what is -231442 + -1?
-231443
In base 14, what is -2937 + 5?
-2932
In base 5, what is 403 - 430?
-22
In base 16, what is 0 + -8b175?
-8b175
In base 10, what is -14 - -9595?
9581
In base 9, what is 0 - -1341417?
1341417
In base 9, what is -341 + 126?
-214
In base 2, what is -10010011000 - 1111101?
-10100010101
In base 15, what is 12a559 + -2?
12a557
In base 12, what is -267 - 26?
-291
In base 11, what is -5 - 379576?
-379580
In base 11, what is -331 + 53?
-289
In base 12, what is -1 - -5587?
5586
In base 15, what is -13 + 1da1?
1d8d
In base 3, what is -11011001 + 2021?
-11001210
In base 5, what is 12011014 - 1?
12011013
In base 11, what is -3a848 - 4?
-3a851
In base 8, what is -331 - 6304?
-6635
In base 4, what is -113 + 10020333?
10020220
In base 13, what is 1cb4 - -2?
1cb6
In base 5, what is 10 + 4343041?
4343101
In base 10, what is 11594 - 3?
11591
In base 14, what is -44373 - 0?
-44373
In base 12, what is 116 - -3bba?
4114
In base 15, what is -654 - -10?
-644
In base 3, what is 11212021121 + 12?
11212021210
In base 11, what is 126517 + 2?
126519
In base 13, what is 138 + 16?
151
In base 10, what is -616126 - -4?
-616122
In base 14, what is 8 + -158?
-150
In base 13, what is 8602 + 5?
8607
In base 7, what is -4 + -2652?
-2656
In base 13, what is -14832 + 8?
-14827
In base 6, what is -101032 + 1005?
-100023
In base 5, what is -11301234 - 10?
-11301244
In bas